{"id":5,"date":"2016-05-31T09:48:18","date_gmt":"2016-05-31T07:48:18","guid":{"rendered":"http:\/\/hdtm.hr\/?page_id=5"},"modified":"2016-05-31T09:57:22","modified_gmt":"2016-05-31T07:57:22","slug":"o-nama","status":"publish","type":"page","link":"https:\/\/hdtm.hr\/wordpress\/o-nama\/","title":{"rendered":"O nama"},"content":{"rendered":"<h3><strong>Hrvatsko dru\u0161tvo za transplantacijsku medicinu Hrvatskog lije\u010dni\u010dkog zbora<\/strong><\/h3>\n<h3><strong>\u0160ubi\u0107eva 9<\/strong><\/h3>\n<h3><strong>10000 Zagreb<\/strong><\/h3>\n<p>Osniva\u010dka skup\u0161tina Hrvatskog dru\u0161tva za transplantacijsku medicinu (HDTM) odr\u017eana je 03. listopada 2015. g. nakon \u0161to je skupina hrvatskih transplantacijskih stru\u010dnjaka razli\u010ditih profila okupljenih u inicijativnom odboru osjetila goru\u0107u potrebu za osnivanjem ovakvog dru\u0161tva. Posljednjih godina svjedo\u010dili smo procvatu transplantacijske medicine u Hrvatskoj \u0161to mo\u017eemo zahvaliti s jedne strane nesebi\u010dnosti na\u0161ih darivatelja i njihovih obitelji, a s druge velikom zalaganju i stru\u010dnosti hrvatskih stru\u010dnjaka razli\u010ditih disciplina. Sve to donijelo je svjetsku prepoznatljivost hrvatskoj transplantacijskoj medicini i stavilo je Republiku Hrvatsku me\u0111u vode\u0107e nacije u ovoj slo\u017eenoj i zahtjevnoj medicinskoj grani. Transplantacija okuplja brojne profesionalce razli\u010ditih struka, mnoge od njih ve\u0107 \u010dlanove razli\u010ditih stru\u010dnih dru\u0161tava HLZ-a. Cilj HDTM-a je da ih ujedini u jednom dru\u0161tvu kako bi hrvatska transplantacijska medicina dobila svoj jedinstveni profesionalni glas koji bi je predstavljao u \u0161iroj zajednici i omogu\u0107io da se u dru\u0161tvu promi\u010du vrhunski stru\u010dni, znanstveni i eti\u010dki standardi, a sve za dobrobit bolesnika. Transplantacija je obilje\u017eena brojnim socijalnim i eti\u010dkim implikacijama te kroz ovakvo dru\u0161tvo profesionalci koji su u nju izravno uklju\u010deni mogu izre\u0107i svoja stru\u010dna mi\u0161ljenja i stavove te promovirati profesionalne i eti\u010dke standarde u transplantaciji organa. Kako je transplantacija podru\u010dje medicine koje se ubrzano razvija, nu\u017eno je da stru\u010dno dru\u0161tvo koje bi okupljalo vode\u0107e hrvatske stru\u010dnjake ima mogu\u0107nost pozitivnog utjecaja na budu\u0107i razvoj transplantacije u Hrvatskoj, posebno \u0161to se ti\u010de edukacije, organizacije stru\u010dnih skupova, potpore bazi\u010dnim i klini\u010dkim istra\u017eivanjima i sli\u010dno. Kona\u010dno, HDTM \u0107e\u00a0 sura\u0111ivati i s me\u0111unarodnim udru\u017eenjima i predstavljati hrvatsku transplantacijsku medicinu u europskim i svjetskim transplantacijskim dru\u0161tvima.<\/p>\n","protected":false},"excerpt":{"rendered":"<p>Hrvatsko dru\u0161tvo za transplantacijsku medicinu Hrvatskog lije\u010dni\u010dkog zbora \u0160ubi\u0107eva 9 10000 Zagreb Osniva\u010dka skup\u0161tina Hrvatskog dru\u0161tva za transplantacijsku medicinu (HDTM) odr\u017eana je 03. listopada 2015. g. nakon \u0161to je skupina hrvatskih transplantacijskih stru\u010dnjaka razli\u010ditih profila okupljenih u inicijativnom odboru osjetila goru\u0107u potrebu za osnivanjem ovakvog dru\u0161tva. Posljednjih godina svjedo\u010dili smo procvatu transplantacijske medicine u Hrvatskoj [&hellip;]<\/p>\n","protected":false},"author":1,"featured_media":0,"parent":0,"menu_order":0,"comment_status":"closed","ping_status":"closed","template":"","meta":[],"_links":{"self":[{"href":"https:\/\/hdtm.hr\/wordpress\/wp-json\/wp\/v2\/pages\/5"}],"collection":[{"href":"https:\/\/hdtm.hr\/wordpress\/wp-json\/wp\/v2\/pages"}],"about":[{"href":"https:\/\/hdtm.hr\/wordpress\/wp-json\/wp\/v2\/types\/page"}],"author":[{"embeddable":true,"href":"https:\/\/hdtm.hr\/wordpress\/wp-json\/wp\/v2\/users\/1"}],"replies":[{"embeddable":true,"href":"https:\/\/hdtm.hr\/wordpress\/wp-json\/wp\/v2\/comments?post=5"}],"version-history":[{"count":4,"href":"https:\/\/hdtm.hr\/wordpress\/wp-json\/wp\/v2\/pages\/5\/revisions"}],"predecessor-version":[{"id":44,"href":"https:\/\/hdtm.hr\/wordpress\/wp-json\/wp\/v2\/pages\/5\/revisions\/44"}],"wp:attachment":[{"href":"https:\/\/hdtm.hr\/wordpress\/wp-json\/wp\/v2\/media?parent=5"}],"curies":[{"name":"wp","href":"https:\/\/api.w.org\/{rel}","templated":true}]}}